, 3
Let o be 8/(40/43) + 2/5. Suppose 0 = -o*p - 5 + 347. What are the prime factors of p?
2, 19
Suppose 3*k - 753 = -a, 21*a = 20*a + 2*k + 743. List the prime factors of a.
3, 83
Let q be ((-84)/18)/(6/45). Let y be 96/(-5) + (-7)/q. Let j = y + 73. What are the prime factors of j?
2, 3
Suppose 4*y = -2*m + 3*m - 38, 0 = 4*m - y - 92. Let u = m - 9. List the prime factors of u.
13
Suppose 601 = 5*d - x - 1997, -3*x = -4*d + 2085. List the prime factors of d.
3, 173
Let n(b) = 531*b + 177. What are the prime factors of n(6)?
3, 19, 59
Let f(z) = -3*z**3 + 25*z**2 - 40*z + 17. Let k(y) = y**3 - 6*y**2 + 10*y - 4. Let s(d) = 2*f(d) + 9*k(d). List the prime factors of s(3).
73
Let u = -3991 - -5672. What are the prime factors of u?
41
Let j = 14 - 14. Let i = 17 + j. What are the prime factors of i?
17
Suppose 0*z + 8*z = 32. Suppose z*o - 9 = 215. What are the prime factors of o?
2, 7
Let p = 4 + -2. Suppose 2*g = -4*i + 6 + 8, 0 = g - 3*i - p. Suppose -n + 16 = 4*v - v, -g*n - 11 = 2*v. What are the prime factors of v?
7
List the prime factors of 6 + 13/(-2) - (-10955)/10.
3, 5, 73
Let p(b) = -50*b - 71. List the prime factors of p(-9).
379
Suppose 14*h - 2164 = 9*h + 2*j, -4*j + 2182 = 5*h. What are the prime factors of h?
2, 7, 31
Suppose -47 + 15 = -2*o. Let z = o + 8. What are the prime factors of z?
2, 3
Let i = 682 - 215. List the prime factors of i.
467
Let k(c) = -2*c**3 + 8*c**2 - 5*c - 6. Let y be k(5). Let d = 218 + y. What are the prime factors of d?
137
Suppose 0 = -0*u + 11*u - 4840. List the prime factors of u.
2, 5, 11
Let h be 18 + 3 - (-5 + 1). Suppose -101 = -3*v + h. List the prime factors of v.
2, 3, 7
Let i = -9 - -13. Let v(h) be the first derivative of 7*h**2/2 - 4*h - 76. What are the prime factors of v(i)?
2, 3
Let y be 3/(-5)*15/3. Let k be -3 + 7 + y + 0. List the prime factors of (10/4)/(k/6).
3, 5
Let h = -119 + 121. Suppose 13*r = -h*r + 1725. What are the prime factors of r?
5, 23
Let j = -1117 - -1594. What are the prime factors of j?
3, 53
Let l(t) = 12*t - 6. Let c be 2*(-4 - -3) - -8. What are the prime factors of l(c)?
2, 3, 11
Suppose -2*j = -o + 17, 2*o - 24 = 3*j + 4. Let i = j - -11. Suppose 5*f + 10 = 5*w, -2*w = i*f + 13 - 38. What are the prime factors of w?
5
List the prime factors of (-340)/(-8)*112/20.
2, 7, 17
Let o(j) = j**3 + 11*j**2 - 6*j - 6. Let v(u) = u**3 - 4*u**2 - 3*u + 8. Let n be v(3). What are the prime factors of o(n)?
2, 7, 11
Let b(f) = 10*f**2 - 29*f - 136. List the prime factors of b(19).
37, 79
Let k(f) = -f**2 - 12*f - 3. Let t(a) = -10*a**2 + 21*a. Let q(b) = -7*b**2 + 14*b. Let l(w) = 7*q(w) - 5*t(w). Let s be l(6). List the prime factors of k(s).
3, 11
Let c(g) = -4*g - 2. Let a(b) = -3 + 2*b + 2 + 3 + 2*b. Let x(f) = -4*a(f) - 5*c(f). List the prime factors of x(4).
2, 3
Suppose 0 = 4*c - 875 - 661. What are the prime factors of c?
2, 3
What are the prime factors of -1 + -58*455/(-14) + -6?
2, 3, 313
Let f(p) = 32*p**2 + 5*p - 5. Let l be f(-3). Suppose 2*u = 5*o - 0*o - l, -o - 2*u + 56 = 0. List the prime factors of o.
2, 3
Suppose 0 = -14*i - i + 11205. What are the prime factors of i?
3, 83
List the prime factors of ((-618)/(-7))/(2/70).
2, 3, 5, 103
Let z = -644 - -1108. What are the prime factors of z?
2, 29
Let i be (30/(-18))/((-1)/3). Suppose 2*y - 282 = -3*d, 4*y = 3*y - i*d + 155. Let a = y + -96. What are the prime factors of a?
3, 13
Let o = 590 + -372. What are the prime factors of o + (-150)/(-35) + (-6)/21?
2, 3, 37
Suppose -5*h - 15 = 0, 5*m + 6 + 31 = -4*h. Let p be (-210)/(-25) - 3/m. Let b = p + -6. What are the prime factors of b?
3
Suppose 1371 = 3*v - 246. List the prime factors of v.
7, 11
Suppose 2*z = 2*d - 846 - 240, 0 = -5*d - 3*z + 2691. Suppose d = 9*t - 171. What are the prime factors of t?
79
Let b = 2835 - 1297. List the prime factors of b.
2, 769
What are the prime factors of (-4)/(-50) + 1734536/3925?
2, 13, 17
Suppose -15711 = -3*s - 3*f, -4*s - 28*f + 26*f = -20954. List the prime factors of s.
2, 5, 131
Let c = 894 + -437. List the prime factors of c.
457
Let n(r) = 14*r**2 + 18*r - 38. What are the prime factors of n(6)?
2, 7, 41
Let x be (2/4)/(14/112). Suppose -x*k + 0*z = 3*z - 184, -k + 2*z = -35. What are the prime factors of k?
43
Suppose 7*j - 8125 = 2*j. What are the prime factors of j?
5, 13
Let k(b) = 1537*b**2 - b. What are the prime factors of k(-1)?
2, 769
Suppose -2*w + 170 = 5*t, t - 15 = 3*w + 19. What are the prime factors of t?
2, 17
Let x = 1 + 2. Suppose 25 = -x*c + 175. What are the prime factors of c?
2, 5
Let m(n) = -2*n**3 - 2*n**2 + 3*n + 3. Let p be m(-2). Suppose 5*g = -p + 15. List the prime factors of (-6 - 38)*(-1)/g.
2, 11
Let q(d) = -d + 10. Let s be q(10). Suppose -6*v + 72 + 6 = s. What are the prime factors of v?
13
Suppose -669 - 1116 = -5*a. What are the prime factors of a?
3, 7, 17
Let l(g) = -g**2 - 16*g + 3. Suppose 52 + 4 = -4*z. Let n = z - -4. What are the prime factors of l(n)?
3, 7
Suppose -14*h + 1808 = -6*h. List the prime factors of h.
2, 113
Suppose 4*t - 3*r - 7 = 0, -4*t + 8*t + r = 19. Let v = t - -48. What are the prime factors of v?
2, 13
Let g be (-4)/(-20) + (-96)/(-20). Suppose -3*w - 6*k + g*k + 65 = 0, 3*w - 81 = 3*k. List the prime factors of w.
23
Suppose -5*g = 2*r - 56, 2*g = 4*g - 4*r - 32. Suppose 0 = -2*m + g + 4. Suppose -60 = -5*n - 5*f, 2*n - m = -f + 11. List the prime factors of n.
7
Suppose 0 = -4*f + 3*y + 6280, -14*f + 7881 = -9*f + 4*y. List the prime factors of f.
11, 13
Let u(d) = 8*d**2 - 2*d + 24. List the prime factors of u(8).
2, 5, 13
Let z = -5 + 7. Suppose -z*h - h = 0. Suppose 5*y + y - 288 = h. What are the prime factors of y?
2, 3
Suppose -10659 = -12*b + 333. List the prime factors of b.
2, 229
Suppose -6*c + 7441 + 846 = -o, -4*c = -3*o - 5513. List the prime factors of c.
2, 691
Suppose 0*r + 4*r - 716 = 0. Let n be r/4 + 5/20. Suppose -n = -5*y + 3*s + 68, 0 = -3*y - 3*s + 87. What are the prime factors of y?
5
What are the prime factors of (-3318)/(36/(-6)) + 7?
2, 5, 7
Let h(z) = 425*z**2 - 4*z + 3. List the prime factors of h(1).
2, 53
Let r = -24 - -42. Suppose 6*w - 3*w - r = 0. Suppose -w*j + 6 = -3*j. List the prime factors of j.
2
Let l(k) = 2*k + 12. Let r be l(-5). Let z be (0 + 0/r)/2. Suppose 2*y = z, 4*y = t + 3*t - 16. What are the prime factors of t?
2
Let p = 3949 - -755. What are the prime factors of p?
2, 3, 7
Let t = -5 - -331. Let h = -168 + t. List the prime factors of h.
2, 79
Suppose 3022 = 5*x + 462. List the prime factors of x.
2
Let u(w) = w**2 - 11*w - 16. Let v be u(12). What are the prime factors of -1*((-22 - v) + 1)?
17
Suppose -544 + 184 = 18*q. What are the prime factors of (-109 + 1)*15/q?
3
Let m(x) be the first derivative of x**3/3 - x**2/2 - x + 7. Let a be m(-4). Suppose 2*n - a = 67. List the prime factors of n.
43
Let k = -311 - -512. Suppose -3*l - 3*j = -k, 0*l + 2*j = -l + 68. What are the prime factors of l?
2, 3, 11
Let r(h) = h**2 + 5*h - 2. Let o be r(-6). Suppose -74 = -o*d + 90. What are the prime factors of d?
41
Let k(y) = -32*y - 21. What are the prime factors of k(-6)?
3, 19
Let q = 188 - -2166. What are the prime factors of q?
2, 11, 107
Let j = -106 - -94. What are the prime factors of ((-66)/5 + -2)/(j/30)?
2, 19
Let a be (10/4)/((-11)/(-22)). Let c be (-29)/((15/(-6))/a). Suppose 2*v - 60 = 4*d, 5*v - c - 107 = -5*d. What are the prime factors of v?
2
Let q(w) = w**2 - 7*w + 4. Let n be q(3). Let p = n - -15. Let t = p - -29. What are the prime factors of t?
2, 3
Suppose p = 4*u - 13, 2*p = -4*u + 13 + 9. Suppose 3*z - 36 = p*k, 0 = -0*k + k + 5. Suppose t = 4*w - 41, 25 = 3*w - t - z. List the prime factors of w.
3
What are the prime factors of -5 + (22/(-99) - 4205/(-9))?
2, 3, 7, 11
Let z be ((-6)/(-5))/(3/210). Suppose -3*i - 6 = -z. What are the prime factors of i?
2, 13
Suppose 6*j - 1165 = 365. Suppose 760 + j = 5*t. List the prime factors of t.
7, 29
Let v be -1*(-1 - 2) + -8. Let a = -1 + -2. List the prime factors of 1*(v - a)*-1.
2
Let w(q) = q**3 - 20*q**2 + 22*q - 24. Let y(d) = d**2 + 7*d - 11. Let n be y(-10). What are the prime factors of w(n)?
3, 11
Suppose -5*v = -6*v - 5*i - 21, 2*v - 5*i - 33 = 0. What are the prime factors of (v/5)/(-2) - 34076/(-140)?
3
Let n = 17